Convert 15023 (base 13) to base 8.
115227
12332231331 (base 4) to base 3
10102221221210
-147801 (base 9) to base 3
-11121220001
Convert -1243200 (base 9) to base 13.
-1a9880
-1269114 (base 10) to base 15
-1a1079
Convert -1010111101101101011 (base 2) to base 13.
-c76b7
474763 (base 8) to base 11
100a28
What is 100110111011110 (base 2) in base 10?
19934
-313273 (base 9) to base 14
-4bb87
What is -4422020 (base 7) in base 10?
-543326
What is -2a621 (base 12) in base 15?
-12a11
What is -4778f7 (base 16) in base 8?
-21674367
Convert -1860035 (base 10) to base 12.
-7584ab
What is 74306622 (base 8) in base 14?
2161162
What is 1066123 (base 7) in base 11?
918a1
Convert 214411112 (base 5) to base 16.
e44f5
Convert -2001021201 (base 3) to base 9.
-61251
Convert 20b721a (base 14) to base 11.
8828376
-2942c (base 16) to base 13
-5bc04
What is 118713 (base 10) in base 11?
81211
What is -142040142 (base 5) in base 10?
-736922
What is -400817 (base 9) in base 6?
-5024324
Convert 2214a35 (base 11) to base 14.
7324a9
Convert 2ff74 (base 16) to base 7.
1445536
What is 112102102110 (base 3) in base 12?
118356
Convert 476233 (base 10) to base 14.
c57a9
Convert 10eb03 (base 15) to base 5.
201342403
What is 361648 (base 9) in base 8?
651254
-a9cff9 (base 16) to base 2
-101010011100111111111001
What is 91066 (base 12) in base 9?
316426
Convert 598499 (base 16) to base 8.
26302231
bcd5ab (base 16) to base 2
101111001101010110101011
10145682 (base 9) to base 4
102211210103
-101201 (base 8) to base 9
-50741
Convert 1231b (base 12) to base 11.
17577
What is -2455342 (base 7) in base 13?
-b1043
Convert 69175 (base 11) to base 10.
100028
What is 411035 (base 7) in base 2?
10001000101101110
Convert -a5181 (base 11) to base 9.
-253225
Convert 1512414 (base 6) to base 4.
111111322
What is -231311331 (base 4) in base 12?
-907b9
Convert 3003300112 (base 4) to base 5.
201124224
Convert 313513 (base 7) to base 16.
d35a
What is 466b1a (base 16) in base 15?
6125c8
Convert 1197161 (base 13) to base 8.
24675072
-30123333300 (base 4) to base 2
-1100011011111111110000
What is 773c1 (base 15) in base 2?
1011100011111101000
17053823 (base 9) to base 15
b39ecc
-1500260 (base 8) to base 11
-2711a9
What is -33412030 (base 5) in base 3?
-112222011121
What is 414533 (base 8) in base 2?
100001100101011011
312124101 (base 6) to base 16
52c105
What is -6633103 (base 7) in base 15?
-11174a
-103302 (base 12) to base 5
-31120300
What is 5450036 (base 8) in base 12?
5a62a6
Convert 101010000000010100110010 (base 2) to base 11.
6241014
Convert -366048 (base 12) to base 11.
-552185
What is -284b1 (base 13) in base 3?
-10211120222
135622 (base 9) to base 15
19858
What is -64362 (base 13) in base 4?
-230020011
-102120000110 (base 3) to base 5
-24234320
What is 923402 (base 16) in base 3?
200000210102222
What is 222889 (base 12) in base 10?
543849
-110001101001100000011111 (base 2) to base 13
-2909034
Convert -5521245 (base 7) to base 12.
-288130
Convert -105c34 (base 13) to base 4.
-1131311131
Convert -10212120211010 (base 3) to base 14.
-3b82c4
Convert 136786 (base 10) to base 16.
21652
What is 130014340 (base 6) in base 15?
34c296
-101212021023 (base 4) to base 13
-c566ca
1466554 (base 11) to base 13
69c65b
Convert 1518858 (base 10) to base 5.
342100413
What is -2a9683 (base 12) in base 11?
-453115
What is 129024 (base 10) in base 11?
88a35
60ba3 (base 16) to base 11
250738
What is -1001101011111001111 (base 2) in base 14?
-8394b
What is 202424333 (base 5) in base 15?
114ecd
What is -1b062 (base 14) in base 5?
-4144221
Convert 1111122201111 (base 3) to base 5.
201101424
What is -450357 (base 9) in base 11?
-174365
What is 1110013330 (base 4) in base 13?
c0ab7
-101000110001110011101 (base 2) to base 12
-545339
Convert -577235 (base 9) to base 10.
-346469
Convert 1510242 (base 6) to base 3.
11102020122
132101333121 (base 4) to base 12
27a9909
Convert 350204321 (base 6) to base 12.
21b36a1
-34461137 (base 8) to base 14
-dd1c51
What is -333254224 (base 6) in base 10?
-6041608
What is -8172247 (base 9) in base 4?
-100220000113
What is 10110101011010101 (base 2) in base 11?
63871
What is -8b9138 (base 14) in base 11?
-2754912
Convert 1110010000111101110 (base 2) to base 12.
1a6612
25053202 (base 6) to base 10
800354
What is 2c6e27 (base 15) in base 14?
3dd5b1
-1308366 (base 10) to base 6
-44013130
What is -44504102 (base 6) in base 3?
-2112101120102
-110001110011101100101 (base 2) to base 10
-1632101
Convert -110002001200020 (base 3) to base 16.
-61edd7
What is -1426403 (base 9) in base 11?
-497145
What is 1867524 (base 9) in base 8?
4000231
111302001 (base 4) to base 6
1525013
What is 12202300 (base 4) in base 15?
7e1a
62942d (base 15) to base 10
4688818
-306a2 (base 12) to base 5
-4010234
What is 124a2b1 (base 13) in base 9?
11656251
Convert -18caa5 (base 15) to base 13.
-333689
Convert 202c33 (base 13) to base 5.
142432200
What is -120022101212101 (base 3) in base 14?
-111b544
What is -1110011010110010100111 (base 2) in base 6?
-213002503
Convert 2182254 (base 9) to base 3.
2012202021211
What is -313023121 (base 4) in base 6?
-4502201
Convert 341212332 (base 6) to base 15.
82db3b
-17101675 (base 9) to base 12
-2a4b7b8
Convert -10110100111010110 (base 2) to base 11.
-6365a
Convert 655212 (base 7) to base 15.
23e99
What is -20042014 (base 5) in base 7?
-1231404
Convert -450135213 (base 6) to base 2.
-11111000001000110011001
11351630 (base 7) to base 14
1c1dc0
-5741b (base 13) to base 15
-32124
What is 3026113 (base 9) in base 8?
6114210
What is 6b7116 (base 12) in base 3?
10021001201000
Convert -20221245 (base 7) to base 9.
-3148646
2234643 (base 10) to base 8
10414423
What is -110010001001001100000 (base 2) in base 5?
-410034404
What is -2347 (base 13) in base 6?
-34544
Convert -112001022 (base 5) to base 9.
-842047
What is 4b4008 (base 12) in base 9?
2274638
What is 4266612 (base 7) in base 12?
2115a9
What is 92874 (base 10) in base 13?
33372
What is -29bc90 (base 15) in base 16?
-1ebc7f
Convert -32845 (base 11) to base 6.
-1004214
1d92c (base 15) to base 13
34c53
Convert -100000101010000110 (base 2) to base 8.
-405206
What is 299380 (base 11) in base 14?
c1d13
Convert -1117696 (base 10) to base 16.
-110e00
What is -13123321 (base 6) in base 16?
-693c1
Convert 61421410 (base 7) to base 8.
23446333
106807 (base 13) to base 11
243979
1100100001001010101 (base 2) to base 7
3325624
Convert 201333020 (base 4) to base 12.
68688
What is 2221002030 (base 5) in base 9?
10126150
112333021 (base 4) to base 16
16fc9
What is -34894 (base 14) in base 15?
-27d82
What is 17833611 (base 9) in base 16?
894bb6
-9b947 (base 13) to base 10
-282796
-136dc99 (base 14) to base 16
-8f9c4f
Convert -4472280 (base 9) to base 7.
-26324004
What is 130330123 (base 4) in base 10?
118555
Convert 2442153 (base 6) to base 11.
89824
-26c43 (base 14) to base 15
-1d557
What is -11038c (base 16) in base 13?
-30069a
-11544122 (base 6) to base 10
-371570
-151158 (base 13) to base 11
-32309a
-284b45 (base 12) to base 13
-1a6bc1
20cc84 (base 14) to base 4
10033100010
-9708 (base 13) to base 2
-101000111100100
-33376272 (base 8) to base 7
-115160635
What is -114036 (base 8) in base 6?
-500142
What is -1221444014 (base 6) in base 5?
-12101034433
What is -49f6cf (base 16) in base 3?
-100010021021001
-175e9 (base 15) to base 10
-75594
143031040 (base 6) to base 2
1011001110100111100000
Convert 21011102103 (base 4) to base 10.
2380947
Convert -973932 (base 11) to base 15.
-20b543
What is -727663 (base 8) in base 9?
-407350
What is 118c69 (base 15) in base 2?
11001101000001110111
-14223125 (base 6) to base 3
-220122211222
255242 (base 8) to base 2
10101101010100010
Convert -4657087 (base 9) to base 15.
-34b14a
-232322322 (base 4) to base 12
-93276
Convert 162796 (base 10) to base 12.
7a264
What is 161bc (base 14) in base 15?
1157c
6d3b9 (base 15) to base 10
348474
Convert 310013233002 (base 4) to base 7.
224064213
What is -25305525 (base 6) in base 3?
-1112112202022
Convert -85115 (base 10) to base 15.
-1a345
What is -2477602 (base 8) in base 14?
-13ca30
Convert -10111021200 (base 3) to base 12.
-33939
What is -363412 (base 9) in base 3?
-102010110102
-46230 (base 15) to base 16
-3680d
31330110010 (base 4) to base 9
6780537
What is -cc6924 (base 1